{"id":2033,"date":"2023-03-16T13:43:03","date_gmt":"2023-03-16T12:43:03","guid":{"rendered":"https:\/\/msid.eu\/?page_id=2033"},"modified":"2025-01-23T16:30:51","modified_gmt":"2025-01-23T15:30:51","slug":"domaine","status":"publish","type":"page","link":"https:\/\/msid.eu\/index.php\/domaine\/","title":{"rendered":"Domaine"},"content":{"rendered":"\t\t<div data-elementor-type=\"wp-post\" data-elementor-id=\"2033\" class=\"elementor elementor-2033\">\n\t\t\t\t\t\t<section class=\"elementor-section elementor-top-section elementor-element elementor-element-463eb549 elementor-section-boxed elementor-section-height-default elementor-section-height-default\" data-id=\"463eb549\" data-element_type=\"section\" data-e-type=\"section\" data-settings=\"{&quot;background_background&quot;:&quot;classic&quot;}\">\n\t\t\t\t\t\t\t<div class=\"elementor-background-overlay\"><\/div>\n\t\t\t\t\t\t\t<div class=\"elementor-container elementor-column-gap-no\">\n\t\t\t\t\t<div class=\"elementor-column elementor-col-100 elementor-top-column elementor-element elementor-element-42c45cce\" data-id=\"42c45cce\" data-element_type=\"column\" data-e-type=\"column\" data-settings=\"{&quot;background_background&quot;:&quot;classic&quot;}\">\n\t\t\t<div class=\"elementor-widget-wrap elementor-element-populated\">\n\t\t\t\t\t\t<div class=\"elementor-element elementor-element-3f97f4e elementor-widget elementor-widget-heading\" data-id=\"3f97f4e\" data-element_type=\"widget\" data-e-type=\"widget\" data-widget_type=\"heading.default\">\n\t\t\t\t<div class=\"elementor-widget-container\">\n\t\t\t\t\t<h1 class=\"elementor-heading-title elementor-size-default\">Nom de domaine<\/h1>\t\t\t\t<\/div>\n\t\t\t\t<\/div>\n\t\t\t\t\t<\/div>\n\t\t<\/div>\n\t\t\t\t\t<\/div>\n\t\t<\/section>\n\t\t\t\t<section class=\"elementor-section elementor-top-section elementor-element elementor-element-45635ef4 elementor-section-content-middle elementor-section-boxed elementor-section-height-default elementor-section-height-default\" data-id=\"45635ef4\" data-element_type=\"section\" data-e-type=\"section\">\n\t\t\t\t\t\t<div class=\"elementor-container elementor-column-gap-no\">\n\t\t\t\t\t<div class=\"elementor-column elementor-col-100 elementor-top-column elementor-element elementor-element-17d8e6b1\" data-id=\"17d8e6b1\" data-element_type=\"column\" data-e-type=\"column\">\n\t\t\t<div class=\"elementor-widget-wrap elementor-element-populated\">\n\t\t\t\t\t\t<section class=\"elementor-section elementor-inner-section elementor-element elementor-element-f2edeb2 elementor-section-boxed elementor-section-height-default elementor-section-height-default\" data-id=\"f2edeb2\" data-element_type=\"section\" data-e-type=\"section\">\n\t\t\t\t\t\t<div class=\"elementor-container elementor-column-gap-default\">\n\t\t\t\t\t<div class=\"elementor-column elementor-col-66 elementor-inner-column elementor-element elementor-element-89361c1\" data-id=\"89361c1\" data-element_type=\"column\" data-e-type=\"column\">\n\t\t\t<div class=\"elementor-widget-wrap elementor-element-populated\">\n\t\t\t\t\t\t<div class=\"elementor-element elementor-element-46635b8c elementor-widget elementor-widget-heading\" data-id=\"46635b8c\" data-element_type=\"widget\" data-e-type=\"widget\" data-widget_type=\"heading.default\">\n\t\t\t\t<div class=\"elementor-widget-container\">\n\t\t\t\t\t<h2 class=\"elementor-heading-title elementor-size-default\">Am\u00e9liorez l\u2019identit\u00e9 de votre entreprise sur internet.<\/h2>\t\t\t\t<\/div>\n\t\t\t\t<\/div>\n\t\t\t\t<div class=\"elementor-element elementor-element-25248051 elementor-widget elementor-widget-text-editor\" data-id=\"25248051\" data-element_type=\"widget\" data-e-type=\"widget\" data-widget_type=\"text-editor.default\">\n\t\t\t\t<div class=\"elementor-widget-container\">\n\t\t\t\t\t\t\t\t\t<p>En quelques clics nous vous proposons d&rsquo;enregistrer et de <span class=\"font-weight-bold\">prot\u00e9ger vos noms de domaine.<\/span>\u00a0Faite votre s\u00e9lection parmi plus de 200 extensions de domaine diff\u00e9rentes et prot\u00e9gez l\u2019identit\u00e9 de votre entreprise sur internet. Pour construire votre site web avec le nom de domaine id\u00e9al, ou communiquer avec l\u2019adresse e-mail adapt\u00e9 \u00e0 votre raison social ou votre projet, notre \u00e9quipe reste disponible pour vous conseiller ou r\u00e9pondre \u00e0 vos questions.<\/p>\t\t\t\t\t\t\t\t<\/div>\n\t\t\t\t<\/div>\n\t\t\t\t\t<\/div>\n\t\t<\/div>\n\t\t\t\t<div class=\"elementor-column elementor-col-33 elementor-inner-column elementor-element elementor-element-117e9b0\" data-id=\"117e9b0\" data-element_type=\"column\" data-e-type=\"column\">\n\t\t\t<div class=\"elementor-widget-wrap elementor-element-populated\">\n\t\t\t\t\t\t<div class=\"elementor-element elementor-element-8da22c3 elementor-widget elementor-widget-image\" data-id=\"8da22c3\" data-element_type=\"widget\" data-e-type=\"widget\" data-widget_type=\"image.default\">\n\t\t\t\t<div class=\"elementor-widget-container\">\n\t\t\t\t\t\t\t\t\t\t\t\t\t\t\t<img fetchpriority=\"high\" decoding=\"async\" width=\"622\" height=\"401\" src=\"https:\/\/msid.eu\/wp-content\/uploads\/2025\/01\/nomdedomaine-removebg-preview.png\" class=\"attachment-large size-large wp-image-2915\" alt=\"\" srcset=\"https:\/\/msid.eu\/wp-content\/uploads\/2025\/01\/nomdedomaine-removebg-preview.png 622w, https:\/\/msid.eu\/wp-content\/uploads\/2025\/01\/nomdedomaine-removebg-preview-300x193.png 300w\" sizes=\"(max-width: 622px) 100vw, 622px\" \/>\t\t\t\t\t\t\t\t\t\t\t\t\t\t\t<\/div>\n\t\t\t\t<\/div>\n\t\t\t\t\t<\/div>\n\t\t<\/div>\n\t\t\t\t\t<\/div>\n\t\t<\/section>\n\t\t\t\t\t<\/div>\n\t\t<\/div>\n\t\t\t\t\t<\/div>\n\t\t<\/section>\n\t\t\t\t<section class=\"elementor-section elementor-top-section elementor-element elementor-element-195985e elementor-section-boxed elementor-section-height-default elementor-section-height-default\" data-id=\"195985e\" data-element_type=\"section\" data-e-type=\"section\">\n\t\t\t\t\t\t<div class=\"elementor-container elementor-column-gap-default\">\n\t\t\t\t\t<div class=\"elementor-column elementor-col-100 elementor-top-column elementor-element elementor-element-f82edf3\" data-id=\"f82edf3\" data-element_type=\"column\" data-e-type=\"column\">\n\t\t\t<div class=\"elementor-widget-wrap elementor-element-populated\">\n\t\t\t\t\t\t<div class=\"elementor-element elementor-element-1ac9833 elementor-widget elementor-widget-pricing_table\" data-id=\"1ac9833\" data-element_type=\"widget\" data-e-type=\"widget\" data-widget_type=\"pricing_table.default\">\n\t\t\t\t<div class=\"elementor-widget-container\">\n\t\t\t\t\t\r\n        \r\n        <div class=\"pte-pricing-table-container\">\r\n\r\n            \r\n            <div class=\"pricing-table-elementor-widget style-1\">\r\n\r\n                \r\n                    \r\n                                            <div class=\"main-icon\">\r\n                            <span>\r\n                                <i aria-hidden=\"true\" class=\"fas fa-sitemap\"><\/i>                            <\/span>\r\n                        <\/div>\r\n                    \r\n                    <div class='package'>\r\n                        Nom de domaine                    <\/div>\r\n\r\n                                            <div class='description'>\r\n                            <p>Tarif \u00e9volutif selon l'extension (.fr, .com, .shop)\u00a0<\/p>                        <\/div>\r\n                    \r\n                    <div class=\"pricing\">\r\n                        <span class=\"price\">\r\n                            35 \u20ac ht                        <\/span>\r\n                                                    <span class=\"duration\">\r\n                                \/ an                            <\/span>\r\n                                            <\/div>\r\n\r\n                    <div class=\"features\">\r\n                                                    <div class=\"included\">\r\n                                                                    <div class=\"item\">\r\n                                                                                    <div class=\"icon\">\r\n                                                <span>\r\n                                                    <i aria-hidden=\"true\" class=\"fas fa-link\"><\/i>                                                <\/span>\r\n                                            <\/div>\r\n                                                                                <div class=\"text\">\r\n                                            <div class=\"heading\">\r\n                                                Lien vers votre site web                                            <\/div>\r\n                                            <div class=\"description\">\r\n                                                                                            <\/div>\r\n                                        <\/div>\r\n                                    <\/div>\r\n                                                                    <div class=\"item\">\r\n                                                                                    <div class=\"icon\">\r\n                                                <span>\r\n                                                    <i aria-hidden=\"true\" class=\"fas fa-external-link-alt\"><\/i>                                                <\/span>\r\n                                            <\/div>\r\n                                                                                <div class=\"text\">\r\n                                            <div class=\"heading\">\r\n                                                Sous domaine vers vos diff\u00e9rents services                                            <\/div>\r\n                                            <div class=\"description\">\r\n                                                                                            <\/div>\r\n                                        <\/div>\r\n                                    <\/div>\r\n                                                                    <div class=\"item\">\r\n                                                                                    <div class=\"icon\">\r\n                                                <span>\r\n                                                    <i aria-hidden=\"true\" class=\"fas fa-user-secret\"><\/i>                                                <\/span>\r\n                                            <\/div>\r\n                                                                                <div class=\"text\">\r\n                                            <div class=\"heading\">\r\n                                                Domaine s\u00e9curis\u00e9e                                            <\/div>\r\n                                            <div class=\"description\">\r\n                                                <p>DNSSEC<\/p>                                            <\/div>\r\n                                        <\/div>\r\n                                    <\/div>\r\n                                                            <\/div>\r\n                                            <\/div>\r\n\r\n                    \r\n                \r\n                \r\n                \r\n            <\/div>\r\n\r\n        <\/div>\r\n\r\n        \t\t\t\t<\/div>\n\t\t\t\t<\/div>\n\t\t\t\t\t<\/div>\n\t\t<\/div>\n\t\t\t\t\t<\/div>\n\t\t<\/section>\n\t\t\t\t<\/div>\n\t\t","protected":false},"excerpt":{"rendered":"<p>Nom de domaine Am\u00e9liorez l\u2019identit\u00e9 de votre entreprise sur internet. En quelques clics nous vous proposons d&rsquo;enregistrer et de prot\u00e9ger vos noms de domaine.\u00a0Faite votre s\u00e9lection parmi plus de 200 extensions de domaine diff\u00e9rentes et prot\u00e9gez l\u2019identit\u00e9 de votre entreprise sur internet. Pour construire votre site web avec le nom de domaine id\u00e9al, ou communiquer [&hellip;]<\/p>\n","protected":false},"author":1,"featured_media":0,"parent":0,"menu_order":0,"comment_status":"closed","ping_status":"closed","template":"","meta":{"om_disable_all_campaigns":false,"_monsterinsights_skip_tracking":false,"_monsterinsights_sitenote_active":false,"_monsterinsights_sitenote_note":"","_monsterinsights_sitenote_category":0,"site-sidebar-layout":"no-sidebar","site-content-layout":"page-builder","ast-site-content-layout":"full-width-container","site-content-style":"unboxed","site-sidebar-style":"unboxed","ast-global-header-display":"","ast-banner-title-visibility":"","ast-main-header-display":"","ast-hfb-above-header-display":"","ast-hfb-below-header-display":"","ast-hfb-mobile-header-display":"","site-post-title":"disabled","ast-breadcrumbs-content":"","ast-featured-img":"disabled","footer-sml-layout":"","ast-disable-related-posts":"","theme-transparent-header-meta":"enabled","adv-header-id-meta":"","stick-header-meta":"","header-above-stick-meta":"","header-main-stick-meta":"","header-below-stick-meta":"","astra-migrate-meta-layouts":"set","ast-page-background-enabled":"default","ast-page-background-meta":{"desktop":{"background-color":"","background-image":"","background-repeat":"repeat","background-position":"center center","background-size":"auto","background-attachment":"scroll","background-type":"","background-media":"","overlay-type":"","overlay-color":"","overlay-opacity":"","overlay-gradient":""},"tablet":{"background-color":"","background-image":"","background-repeat":"repeat","background-position":"center center","background-size":"auto","background-attachment":"scroll","background-type":"","background-media":"","overlay-type":"","overlay-color":"","overlay-opacity":"","overlay-gradient":""},"mobile":{"background-color":"","background-image":"","background-repeat":"repeat","background-position":"center center","background-size":"auto","background-attachment":"scroll","background-type":"","background-media":"","overlay-type":"","overlay-color":"","overlay-opacity":"","overlay-gradient":""}},"ast-content-background-meta":{"desktop":{"background-color":"var(--ast-global-color-5)","background-image":"","background-repeat":"repeat","background-position":"center center","background-size":"auto","background-attachment":"scroll","background-type":"","background-media":"","overlay-type":"","overlay-color":"","overlay-opacity":"","overlay-gradient":""},"tablet":{"background-color":"var(--ast-global-color-5)","background-image":"","background-repeat":"repeat","background-position":"center center","background-size":"auto","background-attachment":"scroll","background-type":"","background-media":"","overlay-type":"","overlay-color":"","overlay-opacity":"","overlay-gradient":""},"mobile":{"background-color":"var(--ast-global-color-5)","background-image":"","background-repeat":"repeat","background-position":"center center","background-size":"auto","background-attachment":"scroll","background-type":"","background-media":"","overlay-type":"","overlay-color":"","overlay-opacity":"","overlay-gradient":""}},"footnotes":""},"class_list":["post-2033","page","type-page","status-publish","hentry"],"aioseo_notices":[],"_links":{"self":[{"href":"https:\/\/msid.eu\/index.php\/wp-json\/wp\/v2\/pages\/2033","targetHints":{"allow":["GET"]}}],"collection":[{"href":"https:\/\/msid.eu\/index.php\/wp-json\/wp\/v2\/pages"}],"about":[{"href":"https:\/\/msid.eu\/index.php\/wp-json\/wp\/v2\/types\/page"}],"author":[{"embeddable":true,"href":"https:\/\/msid.eu\/index.php\/wp-json\/wp\/v2\/users\/1"}],"replies":[{"embeddable":true,"href":"https:\/\/msid.eu\/index.php\/wp-json\/wp\/v2\/comments?post=2033"}],"version-history":[{"count":66,"href":"https:\/\/msid.eu\/index.php\/wp-json\/wp\/v2\/pages\/2033\/revisions"}],"predecessor-version":[{"id":2921,"href":"https:\/\/msid.eu\/index.php\/wp-json\/wp\/v2\/pages\/2033\/revisions\/2921"}],"wp:attachment":[{"href":"https:\/\/msid.eu\/index.php\/wp-json\/wp\/v2\/media?parent=2033"}],"curies":[{"name":"wp","href":"https:\/\/api.w.org\/{rel}","templated":true}]}}