{"id":1946,"date":"2023-02-02T15:41:00","date_gmt":"2023-02-02T14:41:00","guid":{"rendered":"http:\/\/msid.eu\/?page_id=1946"},"modified":"2025-01-30T11:09:55","modified_gmt":"2025-01-30T10:09:55","slug":"web-wordpress","status":"publish","type":"page","link":"https:\/\/msid.eu\/index.php\/web-wordpress\/","title":{"rendered":"Web &#8211; WordPress"},"content":{"rendered":"\t\t<div data-elementor-type=\"wp-post\" data-elementor-id=\"1946\" class=\"elementor elementor-1946\">\n\t\t\t\t\t\t<section class=\"elementor-section elementor-top-section elementor-element elementor-element-463eb549 elementor-section-boxed elementor-section-height-default elementor-section-height-default\" data-id=\"463eb549\" data-element_type=\"section\" data-e-type=\"section\" data-settings=\"{&quot;background_background&quot;:&quot;classic&quot;}\">\n\t\t\t\t\t\t\t<div class=\"elementor-background-overlay\"><\/div>\n\t\t\t\t\t\t\t<div class=\"elementor-container elementor-column-gap-no\">\n\t\t\t\t\t<div class=\"elementor-column elementor-col-100 elementor-top-column elementor-element elementor-element-42c45cce\" data-id=\"42c45cce\" data-element_type=\"column\" data-e-type=\"column\" data-settings=\"{&quot;background_background&quot;:&quot;classic&quot;}\">\n\t\t\t<div class=\"elementor-widget-wrap elementor-element-populated\">\n\t\t\t\t\t\t<div class=\"elementor-element elementor-element-3f97f4e elementor-widget elementor-widget-heading\" data-id=\"3f97f4e\" data-element_type=\"widget\" data-e-type=\"widget\" data-widget_type=\"heading.default\">\n\t\t\t\t<div class=\"elementor-widget-container\">\n\t\t\t\t\t<h1 class=\"elementor-heading-title elementor-size-default\">Web - WordPress<\/h1>\t\t\t\t<\/div>\n\t\t\t\t<\/div>\n\t\t\t\t\t<\/div>\n\t\t<\/div>\n\t\t\t\t\t<\/div>\n\t\t<\/section>\n\t\t\t\t<section class=\"elementor-section elementor-top-section elementor-element elementor-element-45635ef4 elementor-section-content-middle elementor-section-boxed elementor-section-height-default elementor-section-height-default\" data-id=\"45635ef4\" data-element_type=\"section\" data-e-type=\"section\">\n\t\t\t\t\t\t<div class=\"elementor-container elementor-column-gap-no\">\n\t\t\t\t\t<div class=\"elementor-column elementor-col-100 elementor-top-column elementor-element elementor-element-17d8e6b1\" data-id=\"17d8e6b1\" data-element_type=\"column\" data-e-type=\"column\">\n\t\t\t<div class=\"elementor-widget-wrap elementor-element-populated\">\n\t\t\t\t\t\t<div class=\"elementor-element elementor-element-46635b8c elementor-widget elementor-widget-heading\" data-id=\"46635b8c\" data-element_type=\"widget\" data-e-type=\"widget\" data-widget_type=\"heading.default\">\n\t\t\t\t<div class=\"elementor-widget-container\">\n\t\t\t\t\t<h2 class=\"elementor-heading-title elementor-size-default\">Votre site web simplifi\u00e9 avec WordPress \u200b<\/h2>\t\t\t\t<\/div>\n\t\t\t\t<\/div>\n\t\t\t\t<div class=\"elementor-element elementor-element-25248051 elementor-widget elementor-widget-text-editor\" data-id=\"25248051\" data-element_type=\"widget\" data-e-type=\"widget\" data-widget_type=\"text-editor.default\">\n\t\t\t\t<div class=\"elementor-widget-container\">\n\t\t\t\t\t\t\t\t\t<p>WordPress est le leader des syst\u00e8mes de gestion de site web. Reconnu pour sa simplicit\u00e9 de prise en main ainsi que ses larges possibilit\u00e9s personnalisation. <br \/>Ce CMS repr\u00e9sente pr\u00e8s de 25 % des sites existant sur le Web.<\/p><p>WordPress vous permet de publier facilement et rapidement vos pages web en ligne. Gr\u00e2ce \u00e0 sa simplicit\u00e9 d&rsquo;utilisation, vous pouvez travailler sur la cr\u00e9ation de votre site internet. MSID s&rsquo;occupe de la partie techniques sp\u00e9cifiques. Vous pourrez donc vous concentrer sur la cr\u00e9ation de votre blog ou site web sans perdre de temps !<\/p>\t\t\t\t\t\t\t\t<\/div>\n\t\t\t\t<\/div>\n\t\t\t\t<div class=\"elementor-element elementor-element-3407334 elementor-widget elementor-widget-pricing_table\" data-id=\"3407334\" data-element_type=\"widget\" data-e-type=\"widget\" data-widget_type=\"pricing_table.default\">\n\t\t\t\t<div class=\"elementor-widget-container\">\n\t\t\t\t\t\r\n        \r\n        <div class=\"pte-pricing-table-container\">\r\n\r\n            \r\n            <div class=\"pricing-table-elementor-widget style-1\">\r\n\r\n                \r\n                    \r\n                    \r\n                    <div class='package'>\r\n                        WordPress                    <\/div>\r\n\r\n                    \r\n                    <div class=\"pricing\">\r\n                        <span class=\"price\">\r\n                            12.5 \u20ac                        <\/span>\r\n                                                    <span class=\"duration\">\r\n                                \/ht \/mois                            <\/span>\r\n                                            <\/div>\r\n\r\n                    <div class=\"features\">\r\n                                                    <div class=\"included\">\r\n                                                                    <div class=\"item\">\r\n                                                                                    <div class=\"icon\">\r\n                                                <span>\r\n                                                    <i aria-hidden=\"true\" class=\"fas fa-server\"><\/i>                                                <\/span>\r\n                                            <\/div>\r\n                                                                                <div class=\"text\">\r\n                                            <div class=\"heading\">\r\n                                                Instance 100% isol\u00e9e                                            <\/div>\r\n                                            <div class=\"description\">\r\n                                                <p>Serveur priv\u00e9 virtuel<\/p>                                            <\/div>\r\n                                        <\/div>\r\n                                    <\/div>\r\n                                                                    <div class=\"item\">\r\n                                                                                    <div class=\"icon\">\r\n                                                <span>\r\n                                                    <i aria-hidden=\"true\" class=\"fas fa-compact-disc\"><\/i>                                                <\/span>\r\n                                            <\/div>\r\n                                                                                <div class=\"text\">\r\n                                            <div class=\"heading\">\r\n                                                Sauvegarde journali\u00e8res                                            <\/div>\r\n                                            <div class=\"description\">\r\n                                                                                            <\/div>\r\n                                        <\/div>\r\n                                    <\/div>\r\n                                                                    <div class=\"item\">\r\n                                                                                    <div class=\"icon\">\r\n                                                <span>\r\n                                                    <i aria-hidden=\"true\" class=\"fas fa-lock\"><\/i>                                                <\/span>\r\n                                            <\/div>\r\n                                                                                <div class=\"text\">\r\n                                            <div class=\"heading\">\r\n                                                Certificat SSL inclus                                            <\/div>\r\n                                            <div class=\"description\">\r\n                                                <p>HTTPS<\/p>                                            <\/div>\r\n                                        <\/div>\r\n                                    <\/div>\r\n                                                                    <div class=\"item\">\r\n                                                                                    <div class=\"icon\">\r\n                                                <span>\r\n                                                    <i aria-hidden=\"true\" class=\"fas fa-server\"><\/i>                                                <\/span>\r\n                                            <\/div>\r\n                                                                                <div class=\"text\">\r\n                                            <div class=\"heading\">\r\n                                                Technique                                            <\/div>\r\n                                            <div class=\"description\">\r\n                                                <p>2 C\u0153urs \/ 6 Go RAM \/ Bande passante illimit\u00e9<\/p>                                            <\/div>\r\n                                        <\/div>\r\n                                    <\/div>\r\n                                                            <\/div>\r\n                                            <\/div>\r\n\r\n                    \r\n                \r\n                \r\n                \r\n            <\/div>\r\n\r\n        <\/div>\r\n\r\n        \t\t\t\t<\/div>\n\t\t\t\t<\/div>\n\t\t\t\t\t<\/div>\n\t\t<\/div>\n\t\t\t\t\t<\/div>\n\t\t<\/section>\n\t\t\t\t<section class=\"elementor-section elementor-top-section elementor-element elementor-element-67d9bf7 elementor-section-boxed elementor-section-height-default elementor-section-height-default\" data-id=\"67d9bf7\" data-element_type=\"section\" data-e-type=\"section\">\n\t\t\t\t\t\t<div class=\"elementor-container elementor-column-gap-default\">\n\t\t\t\t\t<div class=\"elementor-column elementor-col-66 elementor-top-column elementor-element elementor-element-8809a6a\" data-id=\"8809a6a\" data-element_type=\"column\" data-e-type=\"column\">\n\t\t\t<div class=\"elementor-widget-wrap elementor-element-populated\">\n\t\t\t\t\t\t<div class=\"elementor-element elementor-element-4d4ecba elementor-widget elementor-widget-heading\" data-id=\"4d4ecba\" data-element_type=\"widget\" data-e-type=\"widget\" data-widget_type=\"heading.default\">\n\t\t\t\t<div class=\"elementor-widget-container\">\n\t\t\t\t\t<h2 class=\"elementor-heading-title elementor-size-default\">Besoins d'un pr\u00e9-d\u00e9veloppement ?\u200b<\/h2>\t\t\t\t<\/div>\n\t\t\t\t<\/div>\n\t\t\t\t<div class=\"elementor-element elementor-element-fb1480c elementor-widget elementor-widget-text-editor\" data-id=\"fb1480c\" data-element_type=\"widget\" data-e-type=\"widget\" data-widget_type=\"text-editor.default\">\n\t\t\t\t<div class=\"elementor-widget-container\">\n\t\t\t\t\t\t\t\t\t<p>Vous n&rsquo;avez pas de connaissance dans la cr\u00e9ation de sites WEB avec WordPress ? Faites appel \u00e0 notre \u00e9quipe pour r\u00e9aliser la structure de votre site.<\/p>\t\t\t\t\t\t\t\t<\/div>\n\t\t\t\t<\/div>\n\t\t\t\t\t<\/div>\n\t\t<\/div>\n\t\t\t\t<div class=\"elementor-column elementor-col-33 elementor-top-column elementor-element elementor-element-5dd14d9\" data-id=\"5dd14d9\" data-element_type=\"column\" data-e-type=\"column\">\n\t\t\t<div class=\"elementor-widget-wrap elementor-element-populated\">\n\t\t\t\t\t\t<div class=\"elementor-element elementor-element-b5f2e53 elementor-widget elementor-widget-heading\" data-id=\"b5f2e53\" data-element_type=\"widget\" data-e-type=\"widget\" data-widget_type=\"heading.default\">\n\t\t\t\t<div class=\"elementor-widget-container\">\n\t\t\t\t\t<h4 class=\"elementor-heading-title elementor-size-default\">Sur rendez-vous<\/h4>\t\t\t\t<\/div>\n\t\t\t\t<\/div>\n\t\t\t\t<div class=\"elementor-element elementor-element-378e317 elementor-align-center animated-slow elementor-invisible elementor-widget elementor-widget-button\" data-id=\"378e317\" data-element_type=\"widget\" data-e-type=\"widget\" data-settings=\"{&quot;_animation&quot;:&quot;fadeIn&quot;}\" data-widget_type=\"button.default\">\n\t\t\t\t<div class=\"elementor-widget-container\">\n\t\t\t\t\t\t\t\t\t<div class=\"elementor-button-wrapper\">\n\t\t\t\t\t<a class=\"elementor-button elementor-button-link elementor-size-sm\" href=\"mailto:contact@msid.eu?subject=WordPress%20-%20Pr\u00e9%20d\u00e9veloppement\">\n\t\t\t\t\t\t<span class=\"elementor-button-content-wrapper\">\n\t\t\t\t\t\t<span class=\"elementor-button-icon\">\n\t\t\t\t<i aria-hidden=\"true\" class=\"fas fa-mail-bulk\"><\/i>\t\t\t<\/span>\n\t\t\t\t\t\t\t\t\t<span class=\"elementor-button-text\">Nous contacter<\/span>\n\t\t\t\t\t<\/span>\n\t\t\t\t\t<\/a>\n\t\t\t\t<\/div>\n\t\t\t\t\t\t\t\t<\/div>\n\t\t\t\t<\/div>\n\t\t\t\t<div class=\"elementor-element elementor-element-3c45417 elementor-align-center animated-slow elementor-invisible elementor-widget elementor-widget-button\" data-id=\"3c45417\" data-element_type=\"widget\" data-e-type=\"widget\" data-settings=\"{&quot;_animation&quot;:&quot;fadeIn&quot;}\" data-widget_type=\"button.default\">\n\t\t\t\t<div class=\"elementor-widget-container\">\n\t\t\t\t\t\t\t\t\t<div class=\"elementor-button-wrapper\">\n\t\t\t\t\t<a class=\"elementor-button elementor-button-link elementor-size-sm\" href=\"tel:0475400915\">\n\t\t\t\t\t\t<span class=\"elementor-button-content-wrapper\">\n\t\t\t\t\t\t<span class=\"elementor-button-icon\">\n\t\t\t\t<i aria-hidden=\"true\" class=\"fas fa-phone-alt\"><\/i>\t\t\t<\/span>\n\t\t\t\t\t\t\t\t\t<span class=\"elementor-button-text\">04 75 40 09 15<\/span>\n\t\t\t\t\t<\/span>\n\t\t\t\t\t<\/a>\n\t\t\t\t<\/div>\n\t\t\t\t\t\t\t\t<\/div>\n\t\t\t\t<\/div>\n\t\t\t\t\t<\/div>\n\t\t<\/div>\n\t\t\t\t\t<\/div>\n\t\t<\/section>\n\t\t\t\t<\/div>\n\t\t","protected":false},"excerpt":{"rendered":"<p>Web &#8211; WordPress Votre site web simplifi\u00e9 avec WordPress \u200b WordPress est le leader des syst\u00e8mes de gestion de site web. Reconnu pour sa simplicit\u00e9 de prise en main ainsi que ses larges possibilit\u00e9s personnalisation. Ce CMS repr\u00e9sente pr\u00e8s de 25 % des sites existant sur le Web. WordPress vous permet de publier facilement et [&hellip;]<\/p>\n","protected":false},"author":1,"featured_media":0,"parent":0,"menu_order":0,"comment_status":"closed","ping_status":"closed","template":"","meta":{"om_disable_all_campaigns":false,"_monsterinsights_skip_tracking":false,"_monsterinsights_sitenote_active":false,"_monsterinsights_sitenote_note":"","_monsterinsights_sitenote_category":0,"site-sidebar-layout":"no-sidebar","site-content-layout":"page-builder","ast-site-content-layout":"default","site-content-style":"default","site-sidebar-style":"default","ast-global-header-display":"","ast-banner-title-visibility":"","ast-main-header-display":"","ast-hfb-above-header-display":"","ast-hfb-below-header-display":"","ast-hfb-mobile-header-display":"","site-post-title":"disabled","ast-breadcrumbs-content":"","ast-featured-img":"disabled","footer-sml-layout":"","ast-disable-related-posts":"","theme-transparent-header-meta":"enabled","adv-header-id-meta":"","stick-header-meta":"","header-above-stick-meta":"","header-main-stick-meta":"","header-below-stick-meta":"","astra-migrate-meta-layouts":"default","ast-page-background-enabled":"default","ast-page-background-meta":{"desktop":{"background-color":"","background-image":"","background-repeat":"repeat","background-position":"center center","background-size":"auto","background-attachment":"scroll","background-type":"","background-media":"","overlay-type":"","overlay-color":"","overlay-opacity":"","overlay-gradient":""},"tablet":{"background-color":"","background-image":"","background-repeat":"repeat","background-position":"center center","background-size":"auto","background-attachment":"scroll","background-type":"","background-media":"","overlay-type":"","overlay-color":"","overlay-opacity":"","overlay-gradient":""},"mobile":{"background-color":"","background-image":"","background-repeat":"repeat","background-position":"center center","background-size":"auto","background-attachment":"scroll","background-type":"","background-media":"","overlay-type":"","overlay-color":"","overlay-opacity":"","overlay-gradient":""}},"ast-content-background-meta":{"desktop":{"background-color":"var(--ast-global-color-5)","background-image":"","background-repeat":"repeat","background-position":"center center","background-size":"auto","background-attachment":"scroll","background-type":"","background-media":"","overlay-type":"","overlay-color":"","overlay-opacity":"","overlay-gradient":""},"tablet":{"background-color":"var(--ast-global-color-5)","background-image":"","background-repeat":"repeat","background-position":"center center","background-size":"auto","background-attachment":"scroll","background-type":"","background-media":"","overlay-type":"","overlay-color":"","overlay-opacity":"","overlay-gradient":""},"mobile":{"background-color":"var(--ast-global-color-5)","background-image":"","background-repeat":"repeat","background-position":"center center","background-size":"auto","background-attachment":"scroll","background-type":"","background-media":"","overlay-type":"","overlay-color":"","overlay-opacity":"","overlay-gradient":""}},"footnotes":""},"class_list":["post-1946","page","type-page","status-publish","hentry"],"aioseo_notices":[],"_links":{"self":[{"href":"https:\/\/msid.eu\/index.php\/wp-json\/wp\/v2\/pages\/1946","targetHints":{"allow":["GET"]}}],"collection":[{"href":"https:\/\/msid.eu\/index.php\/wp-json\/wp\/v2\/pages"}],"about":[{"href":"https:\/\/msid.eu\/index.php\/wp-json\/wp\/v2\/types\/page"}],"author":[{"embeddable":true,"href":"https:\/\/msid.eu\/index.php\/wp-json\/wp\/v2\/users\/1"}],"replies":[{"embeddable":true,"href":"https:\/\/msid.eu\/index.php\/wp-json\/wp\/v2\/comments?post=1946"}],"version-history":[{"count":74,"href":"https:\/\/msid.eu\/index.php\/wp-json\/wp\/v2\/pages\/1946\/revisions"}],"predecessor-version":[{"id":2992,"href":"https:\/\/msid.eu\/index.php\/wp-json\/wp\/v2\/pages\/1946\/revisions\/2992"}],"wp:attachment":[{"href":"https:\/\/msid.eu\/index.php\/wp-json\/wp\/v2\/media?parent=1946"}],"curies":[{"name":"wp","href":"https:\/\/api.w.org\/{rel}","templated":true}]}}